{"id":24,"date":"2021-03-04T11:29:47","date_gmt":"2021-03-04T10:29:47","guid":{"rendered":"https:\/\/innovitaskolan.se\/vendelso\/?page_id=24"},"modified":"2026-01-09T09:39:32","modified_gmt":"2026-01-09T08:39:32","slug":"grundskola","status":"publish","type":"page","link":"https:\/\/innovitaskolan.se\/vendelso\/om\/grundskola\/","title":{"rendered":"Grundskola"},"content":{"rendered":"\n\t\n\t\n\t\n\n\t\n\t\n\t\t\n<section  class=\"c-block l-stacked  \" data-color-scheme=\"\">\n\t<div class=\"ams-fifty ams-fifty--container ams-fifty--right ams-fifty--bottom l-container u-pt-fluid-2xl-4xl u-pb-fluid-md-xl\">\n\t\t<div class=\"ams-fifty__content l-stack l-stack-xl is-left is-left@lg\">\n\t\t\t<div class=\"ams-fifty__text l-stack l-stack-lg\">\n\t\t\t\t\t\n\t<h1\n\tclass=\"c-heading u-font-title-1 \"\n\tstyle=\"\">\n\t\t\n\t\t\t\t\t\t\t\t\tGrundskola p\u00e5 Innovitaskolan Vendels\u00f6\n\t\t\t\t<span class=\"c-heading__sub is-below u-font-title-3\">\n\t\t\t\t\tEn grundskola d\u00e4r eleverna utvecklas genom kreativitet och l\u00e4rande f\u00f6r varje framtid.\n\t\t\t\t<\/span>\n\t\t\t\t\t\t\t\n\t<\/h1>\n\n\t\t\t\t\t\t\t\t\t<div class=\"text l-stack u-font-body\">\n\t\t\t\t\t\t<p><!-- wp:heading --><\/p>\n<h2 class=\"wp-block-heading\">F\u00f6rskoleklass till \u00e5rskurs 6<\/h2>\n<p>V\u00e5r grundskola rymmer ca 400 elever f\u00f6rdelat p\u00e5 fem flyglar och h\u00e4r g\u00e5r barn och elever fr\u00e5n f\u00f6rskoleklass upp till \u00e5rskurs 6. Alla elever ing\u00e5r i en mentorsgrupp som \u00e4r \u00e5ldershomogen och varje \u00e5rskurs \u00e4r flerparallellig f\u00f6rutom \u00e5rskurs 6 som \u00e4r enparallellig.<\/p>\n<p>Att driva b\u00e5de f\u00f6rskola och grundskola under samma tak ger oss m\u00f6jligheten att se och f\u00f6lja barnen fr\u00e5n ett \u00e5rs \u00e5lder upp till \u00e5rskurs 6. Detta g\u00f6r att vi kan s\u00e4kerst\u00e4lla att eleverna, redan fr\u00e5n f\u00f6rskolestart, f\u00e5r de b\u00e4sta f\u00f6ruts\u00e4ttningar att n\u00e5 sin fulla potential genom hela sin skolg\u00e5ng.<\/p>\n<h2 class=\"wp-block-heading\">Teori, praktik och upplevelser<\/h2>\n<p>Innovitaskolan Vendels\u00f6 pr\u00e4glas av \u00f6ppenhet och gl\u00e4dje. Hos oss f\u00e5r barnen en varierad skolg\u00e5ng och varje moment vi arbetar med innefattas av teori, praktik och upplevelser. Vi l\u00e4gger stor vikt vid grunderna i samtliga \u00e4mnen och utmanar barnen vidare i sin utveckling oberoende av om de befinner sig p\u00e5 bas-, forts\u00e4ttnings- eller f\u00f6rdjupningsniv\u00e5. Vi arbetar b\u00e5de individuellt och i grupp och vill att skolan ska vara en levande plats d\u00e4r olika s\u00e4tt att l\u00e4ra finns tillg\u00e4ngligt.<\/p>\n<p><!-- \/wp:paragraph --><\/p>\n\n\t\t\t\t\t<\/div>\n\t\t\t\t\t\t\t<\/div>\n\n\t\t\t\t\t<\/div>\n\n\t\t <div class=\"ams-fifty__media u-ratio-square\">\n\t\t \t\t\t\t\t<img decoding=\"async\" width=\"600\" height=\"600\" src=\"https:\/\/innovitaskolan.se\/wp-content\/uploads\/sites\/28\/2025\/09\/innovitaskolan-grundskola-segeltorp-202303-2-600x600.png\" class=\"attachment-md size-md\" alt=\"Elever som tittar i sina Ipads.\" sizes=\"(min-width: 64em) 600px, calc(100vw - 160px)\" srcset=\"https:\/\/innovitaskolan.se\/wp-content\/uploads\/sites\/28\/2025\/09\/innovitaskolan-grundskola-segeltorp-202303-2-600x600.png 600w, https:\/\/innovitaskolan.se\/wp-content\/uploads\/sites\/28\/2025\/09\/innovitaskolan-grundskola-segeltorp-202303-2-150x150.png 150w, https:\/\/innovitaskolan.se\/wp-content\/uploads\/sites\/28\/2025\/09\/innovitaskolan-grundskola-segeltorp-202303-2-300x300.png 300w, https:\/\/innovitaskolan.se\/wp-content\/uploads\/sites\/28\/2025\/09\/innovitaskolan-grundskola-segeltorp-202303-2-400x400.png 400w, https:\/\/innovitaskolan.se\/wp-content\/uploads\/sites\/28\/2025\/09\/innovitaskolan-grundskola-segeltorp-202303-2.png 667w\" \/>\n\t\t\t\n\t\t\t\n\t\t\t\t\t<\/div>\n\t<\/div>\n\n\t\t\n\n<\/section>\n\n\n\n\t\n\t\n\t\n\n\t\n\t\n\t\t\n<section  class=\"c-block l-stacked  \" data-color-scheme=\"nyans3_av_p2\">\n\t<div class=\"ams-fifty ams-fifty--container ams-fifty--left ams-fifty--bottom l-container u-pt-fluid-md-xl u-pb-fluid-md-xl\">\n\t\t<div class=\"ams-fifty__content l-stack l-stack-xl is-left is-left@lg\">\n\t\t\t<div class=\"ams-fifty__text l-stack l-stack-lg\">\n\t\t\t\t\t\n\t<h2\n\tclass=\"c-heading u-font-title-1 \"\n\tstyle=\"\">\n\t\t\n\t\t\t\t\tEn vanlig dag p\u00e5 v\u00e5r grundskola\n\t\t\t\t\n\t<\/h2>\n\n\t\t\t\t\t\t\t\t\t<div class=\"text l-stack u-font-body\">\n\t\t\t\t\t\t<h3 data-start=\"288\" data-end=\"690\">Lugn start och fokus p\u00e5 l\u00e4sning<\/h3>\n<p data-start=\"288\" data-end=\"690\">Skoldagen p\u00e5 Innovitaskolan Vendels\u00f6 startar klockan 8.15. Varje klass inleder dagen med en kvarts tyst l\u00e4sning, en stund f\u00f6r ro och koncentration som hj\u00e4lper eleverna att starta dagen i r\u00e4tt tempo. Efter l\u00e4sningen tar lektionerna vid. L\u00e5gstadiet har en gemensam f\u00f6rmiddagsrast mellan 9.15 och 9.45, medan mellanstadiet har kortare pauser mellan sina lektioner.<\/p>\n<h3 data-start=\"692\" data-end=\"1092\">Struktur och variation under dagen<\/h3>\n<p data-start=\"692\" data-end=\"1092\">Mellan 10.30 och 12.00 g\u00e5r eleverna \u00e5rskursvis till skolrestaurangen f\u00f6r lunch, f\u00f6ljt av rast ute p\u00e5 skolg\u00e5rden. P\u00e5 eftermiddagen forts\u00e4tter lektionerna fram till skoldagens slut, d\u00e5 det serveras mellanm\u00e5l i restaurangen fr\u00e5n 13.30.<\/p>\n<p data-start=\"692\" data-end=\"1092\">Dagen f\u00f6ljer en tydlig struktur med balans mellan l\u00e4rande, r\u00f6relse och vila vilket skapar trygghet och fokus f\u00f6r eleverna.<\/p>\n\n\t\t\t\t\t<\/div>\n\t\t\t\t\t\t\t<\/div>\n\n\t\t\t\t\t<\/div>\n\n\t\t <div class=\"ams-fifty__media u-ratio-square\">\n\t\t \t\t\t\t\t<img decoding=\"async\" width=\"600\" height=\"600\" src=\"https:\/\/innovitaskolan.se\/wp-content\/uploads\/sites\/28\/2025\/10\/innovitaskolan-mellanstadiet-segeltorp-202303-2-600x600.png\" class=\"attachment-md size-md\" alt=\"Elever som tittar i f\u00f6rstoringsglas.\" sizes=\"(min-width: 64em) 600px, calc(100vw - 160px)\" srcset=\"https:\/\/innovitaskolan.se\/wp-content\/uploads\/sites\/28\/2025\/10\/innovitaskolan-mellanstadiet-segeltorp-202303-2-600x600.png 600w, https:\/\/innovitaskolan.se\/wp-content\/uploads\/sites\/28\/2025\/10\/innovitaskolan-mellanstadiet-segeltorp-202303-2-150x150.png 150w, https:\/\/innovitaskolan.se\/wp-content\/uploads\/sites\/28\/2025\/10\/innovitaskolan-mellanstadiet-segeltorp-202303-2-300x300.png 300w, https:\/\/innovitaskolan.se\/wp-content\/uploads\/sites\/28\/2025\/10\/innovitaskolan-mellanstadiet-segeltorp-202303-2-400x400.png 400w, https:\/\/innovitaskolan.se\/wp-content\/uploads\/sites\/28\/2025\/10\/innovitaskolan-mellanstadiet-segeltorp-202303-2.png 667w\" \/>\n\t\t\t\n\t\t\t\n\t\t\t\t\t<\/div>\n\t<\/div>\n\n\t\t\n\n<\/section>\n\n\n\n\t\n\t\n\t\n\n\t\n\t\n\t\t\n<section  class=\"c-block l-stacked  \" data-color-scheme=\"nyans3_av_p2\">\n\t<div class=\"ams-fifty ams-fifty--container ams-fifty--right ams-fifty--bottom l-container u-pt-fluid-md-xl u-pb-fluid-md-xl\">\n\t\t<div class=\"ams-fifty__content l-stack l-stack-xl is-left is-left@lg\">\n\t\t\t<div class=\"ams-fifty__text l-stack l-stack-lg\">\n\t\t\t\t\n\t\t\t\t\t\t\t\t\t<div class=\"text l-stack u-font-body\">\n\t\t\t\t\t\t<h3 data-start=\"1129\" data-end=\"1434\">Delaktighet och ansvar p\u00e5 rasterna<\/h3>\n<p data-start=\"1129\" data-end=\"1434\">Rasterna \u00e4r viktiga inslag i skoldagen och en m\u00f6jlighet f\u00f6r eleverna att r\u00f6ra sig, leka och umg\u00e5s. P\u00e5 Vendels\u00f6 har vi en rastverksamhet d\u00e4r \u00e4ldre elever leder aktiviteter f\u00f6r de yngre, ett uppskattat inslag som skapar b\u00e5de ansvar och gemenskap \u00f6ver \u00e5rskurserna.<\/p>\n<h3 data-start=\"1436\" data-end=\"1776\">Praktiskt l\u00e4rande och kreativitet<\/h3>\n<p data-start=\"1436\" data-end=\"1776\">M\u00e5nga elever uppskattar skolans praktiska och kreativa \u00e4mnen som bild, idrott och sl\u00f6jd. Genom att kombinera teori och praktik f\u00e5r eleverna anv\u00e4nda hela sin f\u00f6rm\u00e5ga \u2013 t\u00e4nka, skapa och samarbeta. Vi str\u00e4var efter att varje elev ska k\u00e4nna gl\u00e4dje i l\u00e4randet och stolthet \u00f6ver sina framsteg, varje dag.<\/p>\n\n\t\t\t\t\t<\/div>\n\t\t\t\t\t\t\t<\/div>\n\n\t\t\t\t\t<\/div>\n\n\t\t <div class=\"ams-fifty__media u-ratio-square\">\n\t\t \t\t\t\t\t<img decoding=\"async\" width=\"600\" height=\"600\" src=\"https:\/\/innovitaskolan.se\/wp-content\/uploads\/sites\/28\/2025\/10\/innovitaskolan-hogstadiet-rudan-202204-2-600x600.png\" class=\"attachment-md size-md\" alt=\"L\u00e4rare som f\u00f6rklarar f\u00f6r elev.\" sizes=\"(min-width: 64em) 600px, calc(100vw - 160px)\" srcset=\"https:\/\/innovitaskolan.se\/wp-content\/uploads\/sites\/28\/2025\/10\/innovitaskolan-hogstadiet-rudan-202204-2-600x600.png 600w, https:\/\/innovitaskolan.se\/wp-content\/uploads\/sites\/28\/2025\/10\/innovitaskolan-hogstadiet-rudan-202204-2-150x150.png 150w, https:\/\/innovitaskolan.se\/wp-content\/uploads\/sites\/28\/2025\/10\/innovitaskolan-hogstadiet-rudan-202204-2-300x300.png 300w, https:\/\/innovitaskolan.se\/wp-content\/uploads\/sites\/28\/2025\/10\/innovitaskolan-hogstadiet-rudan-202204-2-400x400.png 400w, https:\/\/innovitaskolan.se\/wp-content\/uploads\/sites\/28\/2025\/10\/innovitaskolan-hogstadiet-rudan-202204-2.png 667w\" \/>\n\t\t\t\n\t\t\t\n\t\t\t\t\t<\/div>\n\t<\/div>\n\n\t\t\n\n<\/section>\n\n\n\n\n<section  class=\"ams-cta ams-cta--stacked c-block l-stacked\" data-color-scheme=\"beige\">\n\t<div class=\"l-container-narrow l-stack l-stack-fluid-2xl u-pt-fluid-3xl-6xl u-pb-fluid-3xl-6xl is-center is-center@md\">\n\t\t\t\t\t<div class=\"ams-cta__intro l-stack l-stack-lg\">\n\t\t\t\t\t\n\t<h2\n\tclass=\"c-heading u-font-title-1 \"\n\tstyle=\"\">\n\t\t\n\t\t\t\t\tS\u00f6ka grundskola\n\t\t\t\t\n\t<\/h2>\n\n\t\t\t\t\t\t\t\t\t<div class=\"c-text l-stack u-cs-xl u-font-body\">\n\t\t\t\t\t\t<p>Vad roligt att du vill st\u00e4lla ditt barn i k\u00f6 till v\u00e5r grundskola. Klicka p\u00e5 knappen nedan f\u00f6r att komma till k\u00f6anm\u00e4lan.<\/p>\n\n\t\t\t\t\t<\/div>\n\t\t\t\t\t\t\t<\/div>\n\t\t\n\t\t\n\t\t\t<div class=\"ams-cta__action u-inline-items\">\n\t\t\t\t\t\t\t\n\n\n<a href=\"https:\/\/innovitaskolan.se\/vendelso\/koanmalan\/\"\n\t\n\tclass=\"c-btn \"\n\tdata-style=\"round\"\n\tdata-size=\"md\"\n\tdata-width=\"full-mobile\"\n\tdata-variant=\"default\"\n\ttarget=\"_self\">\n\t\t\t<span class=\"label\"> Till k\u00f6anm\u00e4lan<\/span>\n\t\t\t<\/a>\n\t\t\t<\/div>\n\t<\/div>\n\n\t\t\n\n<\/section>\n","protected":false},"excerpt":{"rendered":"","protected":false},"author":1,"featured_media":0,"parent":20,"menu_order":0,"comment_status":"closed","ping_status":"closed","template":"","meta":{"footnotes":""},"yoast_head":"<!-- This site is optimized with the Yoast SEO plugin v22.0 - https:\/\/yoast.com\/wordpress\/plugins\/seo\/ -->\n<title>V\u00e5r grundskola | Innovitaskolan Vendels\u00f6 | Om skolan<\/title>\n<meta name=\"description\" content=\"P\u00e5 Innovitaskolan Vendels\u00f6s grundskola erbjuder vi f\u00f6rskolesklass\u2013\u00e5rskurs 6. Vi vill skapa trygga &amp; motiverade individer f\u00f6r varje framtid.\" \/>\n<meta name=\"robots\" content=\"index, follow, max-snippet:-1, max-image-preview:large, max-video-preview:-1\" \/>\n<link rel=\"canonical\" href=\"https:\/\/innovitaskolan.se\/vendelso\/om\/grundskola\/\" \/>\n<meta property=\"og:locale\" content=\"sv_SE\" \/>\n<meta property=\"og:type\" content=\"article\" \/>\n<meta property=\"og:title\" content=\"V\u00e5r grundskola | Innovitaskolan Vendels\u00f6 | Om skolan\" \/>\n<meta property=\"og:description\" content=\"P\u00e5 Innovitaskolan Vendels\u00f6s grundskola erbjuder vi f\u00f6rskolesklass\u2013\u00e5rskurs 6. Vi vill skapa trygga &amp; motiverade individer f\u00f6r varje framtid.\" \/>\n<meta property=\"og:url\" content=\"https:\/\/innovitaskolan.se\/vendelso\/om\/grundskola\/\" \/>\n<meta property=\"og:site_name\" content=\"Vendels\u00f6\" \/>\n<meta property=\"article:modified_time\" content=\"2026-01-09T08:39:32+00:00\" \/>\n<meta name=\"twitter:card\" content=\"summary_large_image\" \/>\n<meta name=\"twitter:title\" content=\"V\u00e5r grundskola | Innovitaskolan Vendels\u00f6 | Om skolan\" \/>\n<meta name=\"twitter:description\" content=\"P\u00e5 Innovitaskolan Vendels\u00f6s grundskola erbjuder vi f\u00f6rskolesklass\u2013\u00e5rskurs 6. Vi vill skapa trygga &amp; motiverade individer f\u00f6r varje framtid.\" \/>\n<meta name=\"twitter:label1\" content=\"Ber\u00e4knad l\u00e4stid\" \/>\n\t<meta name=\"twitter:data1\" content=\"3 minuter\" \/>\n<script type=\"application\/ld+json\" class=\"yoast-schema-graph\">{\"@context\":\"https:\/\/schema.org\",\"@graph\":[{\"@type\":\"WebPage\",\"@id\":\"https:\/\/innovitaskolan.se\/vendelso\/om\/grundskola\/\",\"url\":\"https:\/\/innovitaskolan.se\/vendelso\/om\/grundskola\/\",\"name\":\"V\u00e5r grundskola | Innovitaskolan Vendels\u00f6 | Om skolan\",\"isPartOf\":{\"@id\":\"https:\/\/innovitaskolan.se\/vendelso\/#website\"},\"datePublished\":\"2021-03-04T10:29:47+00:00\",\"dateModified\":\"2026-01-09T08:39:32+00:00\",\"description\":\"P\u00e5 Innovitaskolan Vendels\u00f6s grundskola erbjuder vi f\u00f6rskolesklass\u2013\u00e5rskurs 6. Vi vill skapa trygga & motiverade individer f\u00f6r varje framtid.\",\"breadcrumb\":{\"@id\":\"https:\/\/innovitaskolan.se\/vendelso\/om\/grundskola\/#breadcrumb\"},\"inLanguage\":\"sv-SE\",\"potentialAction\":[{\"@type\":\"ReadAction\",\"target\":[\"https:\/\/innovitaskolan.se\/vendelso\/om\/grundskola\/\"]}]},{\"@type\":\"BreadcrumbList\",\"@id\":\"https:\/\/innovitaskolan.se\/vendelso\/om\/grundskola\/#breadcrumb\",\"itemListElement\":[{\"@type\":\"ListItem\",\"position\":1,\"name\":\"Start\",\"item\":\"https:\/\/innovitaskolan.se\/vendelso\/\"},{\"@type\":\"ListItem\",\"position\":2,\"name\":\"Om oss\",\"item\":\"https:\/\/innovitaskolan.se\/vendelso\/om\/\"},{\"@type\":\"ListItem\",\"position\":3,\"name\":\"Grundskola\"}]},{\"@type\":\"WebSite\",\"@id\":\"https:\/\/innovitaskolan.se\/vendelso\/#website\",\"url\":\"https:\/\/innovitaskolan.se\/vendelso\/\",\"name\":\"Vendels\u00f6\",\"description\":\"En del av AcadeMedia\",\"potentialAction\":[{\"@type\":\"SearchAction\",\"target\":{\"@type\":\"EntryPoint\",\"urlTemplate\":\"https:\/\/innovitaskolan.se\/vendelso\/?s={search_term_string}\"},\"query-input\":\"required name=search_term_string\"}],\"inLanguage\":\"sv-SE\"}]}<\/script>\n<!-- \/ Yoast SEO plugin. -->","yoast_head_json":{"title":"V\u00e5r grundskola | Innovitaskolan Vendels\u00f6 | Om skolan","description":"P\u00e5 Innovitaskolan Vendels\u00f6s grundskola erbjuder vi f\u00f6rskolesklass\u2013\u00e5rskurs 6. Vi vill skapa trygga & motiverade individer f\u00f6r varje framtid.","robots":{"index":"index","follow":"follow","max-snippet":"max-snippet:-1","max-image-preview":"max-image-preview:large","max-video-preview":"max-video-preview:-1"},"canonical":"https:\/\/innovitaskolan.se\/vendelso\/om\/grundskola\/","og_locale":"sv_SE","og_type":"article","og_title":"V\u00e5r grundskola | Innovitaskolan Vendels\u00f6 | Om skolan","og_description":"P\u00e5 Innovitaskolan Vendels\u00f6s grundskola erbjuder vi f\u00f6rskolesklass\u2013\u00e5rskurs 6. Vi vill skapa trygga & motiverade individer f\u00f6r varje framtid.","og_url":"https:\/\/innovitaskolan.se\/vendelso\/om\/grundskola\/","og_site_name":"Vendels\u00f6","article_modified_time":"2026-01-09T08:39:32+00:00","twitter_card":"summary_large_image","twitter_title":"V\u00e5r grundskola | Innovitaskolan Vendels\u00f6 | Om skolan","twitter_description":"P\u00e5 Innovitaskolan Vendels\u00f6s grundskola erbjuder vi f\u00f6rskolesklass\u2013\u00e5rskurs 6. Vi vill skapa trygga & motiverade individer f\u00f6r varje framtid.","twitter_misc":{"Ber\u00e4knad l\u00e4stid":"3 minuter"},"schema":{"@context":"https:\/\/schema.org","@graph":[{"@type":"WebPage","@id":"https:\/\/innovitaskolan.se\/vendelso\/om\/grundskola\/","url":"https:\/\/innovitaskolan.se\/vendelso\/om\/grundskola\/","name":"V\u00e5r grundskola | Innovitaskolan Vendels\u00f6 | Om skolan","isPartOf":{"@id":"https:\/\/innovitaskolan.se\/vendelso\/#website"},"datePublished":"2021-03-04T10:29:47+00:00","dateModified":"2026-01-09T08:39:32+00:00","description":"P\u00e5 Innovitaskolan Vendels\u00f6s grundskola erbjuder vi f\u00f6rskolesklass\u2013\u00e5rskurs 6. Vi vill skapa trygga & motiverade individer f\u00f6r varje framtid.","breadcrumb":{"@id":"https:\/\/innovitaskolan.se\/vendelso\/om\/grundskola\/#breadcrumb"},"inLanguage":"sv-SE","potentialAction":[{"@type":"ReadAction","target":["https:\/\/innovitaskolan.se\/vendelso\/om\/grundskola\/"]}]},{"@type":"BreadcrumbList","@id":"https:\/\/innovitaskolan.se\/vendelso\/om\/grundskola\/#breadcrumb","itemListElement":[{"@type":"ListItem","position":1,"name":"Start","item":"https:\/\/innovitaskolan.se\/vendelso\/"},{"@type":"ListItem","position":2,"name":"Om oss","item":"https:\/\/innovitaskolan.se\/vendelso\/om\/"},{"@type":"ListItem","position":3,"name":"Grundskola"}]},{"@type":"WebSite","@id":"https:\/\/innovitaskolan.se\/vendelso\/#website","url":"https:\/\/innovitaskolan.se\/vendelso\/","name":"Vendels\u00f6","description":"En del av AcadeMedia","potentialAction":[{"@type":"SearchAction","target":{"@type":"EntryPoint","urlTemplate":"https:\/\/innovitaskolan.se\/vendelso\/?s={search_term_string}"},"query-input":"required name=search_term_string"}],"inLanguage":"sv-SE"}]}},"_links":{"self":[{"href":"https:\/\/innovitaskolan.se\/vendelso\/wp-json\/wp\/v2\/pages\/24"}],"collection":[{"href":"https:\/\/innovitaskolan.se\/vendelso\/wp-json\/wp\/v2\/pages"}],"about":[{"href":"https:\/\/innovitaskolan.se\/vendelso\/wp-json\/wp\/v2\/types\/page"}],"author":[{"embeddable":true,"href":"https:\/\/innovitaskolan.se\/vendelso\/wp-json\/wp\/v2\/users\/1"}],"replies":[{"embeddable":true,"href":"https:\/\/innovitaskolan.se\/vendelso\/wp-json\/wp\/v2\/comments?post=24"}],"version-history":[{"count":10,"href":"https:\/\/innovitaskolan.se\/vendelso\/wp-json\/wp\/v2\/pages\/24\/revisions"}],"predecessor-version":[{"id":2104,"href":"https:\/\/innovitaskolan.se\/vendelso\/wp-json\/wp\/v2\/pages\/24\/revisions\/2104"}],"up":[{"embeddable":true,"href":"https:\/\/innovitaskolan.se\/vendelso\/wp-json\/wp\/v2\/pages\/20"}],"wp:attachment":[{"href":"https:\/\/innovitaskolan.se\/vendelso\/wp-json\/wp\/v2\/media?parent=24"}],"curies":[{"name":"wp","href":"https:\/\/api.w.org\/{rel}","templated":true}]}}