{"id":28,"date":"2021-03-04T11:30:12","date_gmt":"2021-03-04T10:30:12","guid":{"rendered":"https:\/\/innovitaskolan.se\/falun\/?page_id=28"},"modified":"2025-09-30T10:42:22","modified_gmt":"2025-09-30T08:42:22","slug":"profil","status":"publish","type":"page","link":"https:\/\/innovitaskolan.se\/falun\/om\/profil\/","title":{"rendered":"Profil"},"content":{"rendered":"\n\t\n\t\n\t\n\n\t\n\t\n\t\t\n<section  class=\"c-block l-stacked  \" data-color-scheme=\"\">\n\t<div class=\"ams-fifty ams-fifty--container ams-fifty--right ams-fifty--bottom l-container u-pt-fluid-2xl-4xl u-pb-fluid-md-xl\">\n\t\t<div class=\"ams-fifty__content l-stack l-stack-xl is-left is-left@lg\">\n\t\t\t<div class=\"ams-fifty__text l-stack l-stack-lg\">\n\t\t\t\t\t\n\t<h1\n\tclass=\"c-heading u-font-title-1 \"\n\tstyle=\"\">\n\t\t\n\t\t\t\t\t\t\t\t\tV\u00e5r profil\n\t\t\t\t<span class=\"c-heading__sub is-below u-font-title-3\">\n\t\t\t\t\tP\u00e5 Innovitaskolan Falun erbjuder vi en kulturprofil f\u00f6r kreativitet och skapande.\n\t\t\t\t<\/span>\n\t\t\t\t\t\t\t\n\t<\/h1>\n\n\t\t\t\t\t\t\t\t\t<div class=\"text l-stack u-font-body\">\n\t\t\t\t\t\t<p><!-- wp:paragraph --><\/p>\n<p>P\u00e5 Innovitaskolan Falun st\u00e5r kreativitet och skapande i fokus, vilket syns genom v\u00e5r kulturprofil. Profilen och undervisningen ger eleverna m\u00f6jlighet att l\u00e4ra sig och visa upp sina kunskaper genom flera sinnen.<\/p>\n<p>Vi jobbar med estetiska l\u00e4roprocesserna, s\u00e5 kallade \u201dmultimodala l\u00e4roprocesser\u201d. Detta inneb\u00e4r att eleverna f\u00e5r uppleva olika uttryck f\u00f6r kunskaper som \u00e4r b\u00e5de intellektuella, praktiska och sinnliga och f\u00e5r d\u00e4rmed uttrycka samt l\u00e4ra sig genom musik, bild, drama, s\u00e5ng, dans och eget skapande. Profilen syns genom evenemang som kan ske under skoltid s\u00e5som musikaler, konserter och dramaproduktioner.<\/p>\n<p><!-- \/wp:paragraph --><\/p>\n\n\t\t\t\t\t<\/div>\n\t\t\t\t\t\t\t<\/div>\n\n\t\t\t\t\t<\/div>\n\n\t\t <div class=\"ams-fifty__media u-ratio-square\">\n\t\t \t\t\t\t\t<img decoding=\"async\" width=\"600\" height=\"600\" src=\"https:\/\/innovitaskolan.se\/wp-content\/uploads\/sites\/5\/2025\/09\/innovitaskolan-grundskola-segeltorp-202204-3-1-600x600.png\" class=\"attachment-md size-md\" alt=\"Elever jobbar i l\u00e4robok.\" sizes=\"(min-width: 64em) 600px, calc(100vw - 160px)\" srcset=\"https:\/\/innovitaskolan.se\/wp-content\/uploads\/sites\/5\/2025\/09\/innovitaskolan-grundskola-segeltorp-202204-3-1-600x600.png 600w, https:\/\/innovitaskolan.se\/wp-content\/uploads\/sites\/5\/2025\/09\/innovitaskolan-grundskola-segeltorp-202204-3-1-150x150.png 150w, https:\/\/innovitaskolan.se\/wp-content\/uploads\/sites\/5\/2025\/09\/innovitaskolan-grundskola-segeltorp-202204-3-1-300x300.png 300w, https:\/\/innovitaskolan.se\/wp-content\/uploads\/sites\/5\/2025\/09\/innovitaskolan-grundskola-segeltorp-202204-3-1-400x400.png 400w, https:\/\/innovitaskolan.se\/wp-content\/uploads\/sites\/5\/2025\/09\/innovitaskolan-grundskola-segeltorp-202204-3-1.png 667w\" \/>\n\t\t\t\n\t\t\t\n\t\t\t\t\t<\/div>\n\t<\/div>\n\n\t\t\n\n<\/section>\n\n\n\n\n<section  class=\"ams-info-card c-block l-stacked\" data-color-scheme=\"primar2-hover-standard\">\n\t<div class=\"l-container l-stack l-stack-fluid-2xl u-pt-fluid-3xl-6xl u-pb-fluid-3xl-6xl is-center is-center@md\">\n\t\t\t\t\t<div class=\"ams-info-card__intro l-stack l-stack-lg\">\n\t\t\t\t\t\n\t<h2\n\tclass=\"c-heading u-font-title-1 \"\n\tstyle=\"\">\n\t\t\n\t\t\t\t\tVill du veta mer om Innovitaskolan?\n\t\t\t\t\n\t<\/h2>\n\n\t\t\t\t\t\t\t<\/div>\n\t\t\n\t\t\t\t\t\n<ul class=\"ams-info-card__list l-grid u-gap-2xl\">\n\t\t\t<li class=\"l-col-6@md l-col-4@lg\">\n\t\t\t<article\n\t\t\t\tclass=\"\n\t\t\t\tc-card\n\t\t\t\t\n\t\t\t\thas-media-zoom\n\t\t\t\t\n\t\t\t\t\"\n\t\t\t\tdata-variant=\"neutral\"\n\t\t\t\tdata-style=\"square\"\n\t\t\t\t data-click-area\n\t\t\t\t\n\t\t\t\t\n\t\t\t\t>\n\t\t\t\t<div class=\"c-card__content l-stack l-stack-sm is-center is-center@md\">\n\t\t\t\t\t\t\t\t\t\t\t<h3 class=\"c-card__title u-font-title-3\">\n\t\t\t\t\t\t\t\t\t\t\t\t\t\t\t<a class=\"c-card__link\" href=\"https:\/\/innovitaskolan.se\/falun\/innovita-skills\/\" target=\"_self\">\n\t\t\t\t\t\t\t\t\t\u00c4r du nyfiken p\u00e5 v\u00e5rt pedagogiska koncept?\n\t\t\t\t\t\t\t\t<\/a>\n\t\t\t\t\t\t\t\t\t\t\t\t\t<\/h3>\n\t\t\t\t\t\n\t\t\t\t\t\t\t\t\t\t\t<div class=\"c-card__text l-stack-xs u-font-body\">\n\t\t\t\t\t\t\t<p style=\"text-align: center;\">Vi kombinerar upplevelsebaserade och utforskande arbetss\u00e4tt f\u00f6r att skapa r\u00e4tt f\u00f6ruts\u00e4ttningar i en f\u00f6r\u00e4nderlig v\u00e4rld.<\/p>\n<p>&nbsp;<\/p>\n\n\t\t\t\t\t\t<\/div>\n\t\t\t\t\t\n\t\t\t\t\t\t\t\t\t\t\t<div class=\"c-card__icon c-card__icon--nl\">\n\t\t\t\t\t\t\t\t\t\t\t\t\t\t<svg class=\"ams-icon ams-icon--arrow-right\" width=\"32\" height=\"32\" viewbox=\"0 0 32 32\" fill=\"currentColor\" aria-hidden=\"true\" xmlns=\"http:\/\/www.w3.org\/2000\/svg\">\n\t\t\t\t\t\t\t\t\t\t\t\t\t\t\t\t<path d=\"M15.4617 0.252159L14.9567 0.75931C14.6219 1.09545 14.6219 1.64048 14.9567 1.97669L27.7062 14.7806H0.857144C0.383786 14.7806 0 15.166 0 15.6414V16.3587C0 16.8341 0.383786 17.2195 0.857144 17.2195H27.7062L14.9567 30.0234C14.6219 30.3595 14.6219 30.9045 14.9567 31.2407L15.4617 31.7479C15.7964 32.084 16.3392 32.084 16.6739 31.7479L31.749 16.6087C32.0837 16.2725 32.0837 15.7275 31.749 15.3913L16.6739 0.252159C16.3392 -0.084053 15.7964 -0.084053 15.4617 0.252159Z\"\/>\n\t\t\t\t\t\t\t\n\t\t\t\t\t\t\t<\/svg>\n\t\t\t\t\t\t<\/div>\n\t\t\t\t\t\t\t\t\t<\/div>\n\n\t\t\t\t\t\t\t\t\t<div class=\"c-card__media u-radius-rounded\" style=\" \">\n\t\t\t\t\t\t<img decoding=\"async\" width=\"400\" height=\"400\" src=\"https:\/\/innovitaskolan.se\/wp-content\/uploads\/2021\/05\/innovitaskolan-innovita-skills-pedagogiskt-koncept-explore-segeltorp-202204-400x400.jpg\" class=\"card-image-mask-shape3\" alt=\"En f\u00f6rskoleelev och en elev p\u00e5 l\u00e5gstadiet utforska med digitala verktyg i skogen.\" sizes=\"(min-width: 64em) 300px, (min-width: 48em) calc(.50 * (100vw - 304px)), calc(100vw - 208px)\" srcset=\"https:\/\/innovitaskolan.se\/wp-content\/uploads\/2021\/05\/innovitaskolan-innovita-skills-pedagogiskt-koncept-explore-segeltorp-202204-400x400.jpg 400w, https:\/\/innovitaskolan.se\/wp-content\/uploads\/2021\/05\/innovitaskolan-innovita-skills-pedagogiskt-koncept-explore-segeltorp-202204-150x150.jpg 150w, https:\/\/innovitaskolan.se\/wp-content\/uploads\/2021\/05\/innovitaskolan-innovita-skills-pedagogiskt-koncept-explore-segeltorp-202204-300x300.jpg 300w, https:\/\/innovitaskolan.se\/wp-content\/uploads\/2021\/05\/innovitaskolan-innovita-skills-pedagogiskt-koncept-explore-segeltorp-202204-600x600.jpg 600w, https:\/\/innovitaskolan.se\/wp-content\/uploads\/2021\/05\/innovitaskolan-innovita-skills-pedagogiskt-koncept-explore-segeltorp-202204-800x800.jpg 800w, https:\/\/innovitaskolan.se\/wp-content\/uploads\/2021\/05\/innovitaskolan-innovita-skills-pedagogiskt-koncept-explore-segeltorp-202204-1024x1024.jpg 1024w, https:\/\/innovitaskolan.se\/wp-content\/uploads\/2021\/05\/innovitaskolan-innovita-skills-pedagogiskt-koncept-explore-segeltorp-202204.jpg 1080w\" \/>\n\t\t\t\t\t<\/div>\n\t\t\t\t\t\t\t<\/article>\n\t\t<\/li>\n\t\t\t<li class=\"l-col-6@md l-col-4@lg\">\n\t\t\t<article\n\t\t\t\tclass=\"\n\t\t\t\tc-card\n\t\t\t\t\n\t\t\t\thas-media-zoom\n\t\t\t\t\n\t\t\t\t\"\n\t\t\t\tdata-variant=\"neutral\"\n\t\t\t\tdata-style=\"square\"\n\t\t\t\t data-click-area\n\t\t\t\t\n\t\t\t\t\n\t\t\t\t>\n\t\t\t\t<div class=\"c-card__content l-stack l-stack-sm is-center is-center@md\">\n\t\t\t\t\t\t\t\t\t\t\t<h3 class=\"c-card__title u-font-title-3\">\n\t\t\t\t\t\t\t\t\t\t\t\t\t\t\t<a class=\"c-card__link\" href=\"https:\/\/innovitaskolan.se\/falun\/besok\/\" target=\"_self\">\n\t\t\t\t\t\t\t\t\tVill du bes\u00f6ka oss p\u00e5 Innovitaskolan?\n\t\t\t\t\t\t\t\t<\/a>\n\t\t\t\t\t\t\t\t\t\t\t\t\t<\/h3>\n\t\t\t\t\t\n\t\t\t\t\t\t\t\t\t\t\t<div class=\"c-card__text l-stack-xs u-font-body\">\n\t\t\t\t\t\t\t<div>Tr\u00e4ffa v\u00e5ra l\u00e4rare och se hur vi jobbar med framtidens kompetenser. V\u00e4lkommen p\u00e5 \u00f6ppet hus!<\/div>\n\n\t\t\t\t\t\t<\/div>\n\t\t\t\t\t\n\t\t\t\t\t\t\t\t\t\t\t<div class=\"c-card__icon c-card__icon--nl\">\n\t\t\t\t\t\t\t\t\t\t\t\t\t\t<svg class=\"ams-icon ams-icon--arrow-right\" width=\"32\" height=\"32\" viewbox=\"0 0 32 32\" fill=\"currentColor\" aria-hidden=\"true\" xmlns=\"http:\/\/www.w3.org\/2000\/svg\">\n\t\t\t\t\t\t\t\t\t\t\t\t\t\t\t\t<path d=\"M15.4617 0.252159L14.9567 0.75931C14.6219 1.09545 14.6219 1.64048 14.9567 1.97669L27.7062 14.7806H0.857144C0.383786 14.7806 0 15.166 0 15.6414V16.3587C0 16.8341 0.383786 17.2195 0.857144 17.2195H27.7062L14.9567 30.0234C14.6219 30.3595 14.6219 30.9045 14.9567 31.2407L15.4617 31.7479C15.7964 32.084 16.3392 32.084 16.6739 31.7479L31.749 16.6087C32.0837 16.2725 32.0837 15.7275 31.749 15.3913L16.6739 0.252159C16.3392 -0.084053 15.7964 -0.084053 15.4617 0.252159Z\"\/>\n\t\t\t\t\t\t\t\n\t\t\t\t\t\t\t<\/svg>\n\t\t\t\t\t\t<\/div>\n\t\t\t\t\t\t\t\t\t<\/div>\n\n\t\t\t\t\t\t\t\t\t<div class=\"c-card__media u-radius-rounded\" style=\" \">\n\t\t\t\t\t\t<img decoding=\"async\" width=\"400\" height=\"225\" src=\"https:\/\/innovitaskolan.se\/wp-content\/uploads\/2021\/06\/innovitaskolan-oppet-hus-segeltorp-202204-400x225.jpg\" class=\"card-image-mask-shape2\" alt=\"Elever p\u00e5 Innovitaskolan hoppar hage.\" sizes=\"(min-width: 64em) 300px, (min-width: 48em) calc(.50 * (100vw - 304px)), calc(100vw - 208px)\" srcset=\"https:\/\/innovitaskolan.se\/wp-content\/uploads\/2021\/06\/innovitaskolan-oppet-hus-segeltorp-202204-400x225.jpg 400w, https:\/\/innovitaskolan.se\/wp-content\/uploads\/2021\/06\/innovitaskolan-oppet-hus-segeltorp-202204-300x169.jpg 300w, https:\/\/innovitaskolan.se\/wp-content\/uploads\/2021\/06\/innovitaskolan-oppet-hus-segeltorp-202204-600x338.jpg 600w, https:\/\/innovitaskolan.se\/wp-content\/uploads\/2021\/06\/innovitaskolan-oppet-hus-segeltorp-202204-800x450.jpg 800w, https:\/\/innovitaskolan.se\/wp-content\/uploads\/2021\/06\/innovitaskolan-oppet-hus-segeltorp-202204-1024x576.jpg 1024w, https:\/\/innovitaskolan.se\/wp-content\/uploads\/2021\/06\/innovitaskolan-oppet-hus-segeltorp-202204-1200x675.jpg 1200w, https:\/\/innovitaskolan.se\/wp-content\/uploads\/2021\/06\/innovitaskolan-oppet-hus-segeltorp-202204.jpg 1920w\" \/>\n\t\t\t\t\t<\/div>\n\t\t\t\t\t\t\t<\/article>\n\t\t<\/li>\n\t\t\t<li class=\"l-col-6@md l-col-4@lg\">\n\t\t\t<article\n\t\t\t\tclass=\"\n\t\t\t\tc-card\n\t\t\t\t\n\t\t\t\thas-media-zoom\n\t\t\t\t\n\t\t\t\t\"\n\t\t\t\tdata-variant=\"neutral\"\n\t\t\t\tdata-style=\"square\"\n\t\t\t\t data-click-area\n\t\t\t\t\n\t\t\t\t\n\t\t\t\t>\n\t\t\t\t<div class=\"c-card__content l-stack l-stack-sm is-center is-center@md\">\n\t\t\t\t\t\t\t\t\t\t\t<h3 class=\"c-card__title u-font-title-3\">\n\t\t\t\t\t\t\t\t\t\t\t\t\t\t\t<a class=\"c-card__link\" href=\"https:\/\/innovitaskolan.se\/falun\/antagning\/\" target=\"_self\">\n\t\t\t\t\t\t\t\t\tHur g\u00e5r antagningen till?\n\t\t\t\t\t\t\t\t<\/a>\n\t\t\t\t\t\t\t\t\t\t\t\t\t<\/h3>\n\t\t\t\t\t\n\t\t\t\t\t\t\t\t\t\t\t<div class=\"c-card__text l-stack-xs u-font-body\">\n\t\t\t\t\t\t\t<p>F\u00e5 svar p\u00e5 de vanligaste fr\u00e5gorna om antagningsprocessen och en guide om hur du ans\u00f6ker till oss \u2013 steg f\u00f6r steg.<\/p>\n\n\t\t\t\t\t\t<\/div>\n\t\t\t\t\t\n\t\t\t\t\t\t\t\t\t\t\t<div class=\"c-card__icon c-card__icon--nl\">\n\t\t\t\t\t\t\t\t\t\t\t\t\t\t<svg class=\"ams-icon ams-icon--arrow-right\" width=\"32\" height=\"32\" viewbox=\"0 0 32 32\" fill=\"currentColor\" aria-hidden=\"true\" xmlns=\"http:\/\/www.w3.org\/2000\/svg\">\n\t\t\t\t\t\t\t\t\t\t\t\t\t\t\t\t<path d=\"M15.4617 0.252159L14.9567 0.75931C14.6219 1.09545 14.6219 1.64048 14.9567 1.97669L27.7062 14.7806H0.857144C0.383786 14.7806 0 15.166 0 15.6414V16.3587C0 16.8341 0.383786 17.2195 0.857144 17.2195H27.7062L14.9567 30.0234C14.6219 30.3595 14.6219 30.9045 14.9567 31.2407L15.4617 31.7479C15.7964 32.084 16.3392 32.084 16.6739 31.7479L31.749 16.6087C32.0837 16.2725 32.0837 15.7275 31.749 15.3913L16.6739 0.252159C16.3392 -0.084053 15.7964 -0.084053 15.4617 0.252159Z\"\/>\n\t\t\t\t\t\t\t\n\t\t\t\t\t\t\t<\/svg>\n\t\t\t\t\t\t<\/div>\n\t\t\t\t\t\t\t\t\t<\/div>\n\n\t\t\t\t\t\t\t\t\t<div class=\"c-card__media u-radius-rounded\" style=\" \">\n\t\t\t\t\t\t<img decoding=\"async\" width=\"400\" height=\"267\" src=\"https:\/\/innovitaskolan.se\/wp-content\/uploads\/2024\/06\/innovitaskolan-kvalitet-202405-400x267.jpg\" class=\"card-image-mask-shape4\" alt=\"Elever spelar schack utomhus p\u00e5 rasten.\" sizes=\"(min-width: 64em) 300px, (min-width: 48em) calc(.50 * (100vw - 304px)), calc(100vw - 208px)\" srcset=\"https:\/\/innovitaskolan.se\/wp-content\/uploads\/2024\/06\/innovitaskolan-kvalitet-202405-400x267.jpg 400w, https:\/\/innovitaskolan.se\/wp-content\/uploads\/2024\/06\/innovitaskolan-kvalitet-202405-300x200.jpg 300w, https:\/\/innovitaskolan.se\/wp-content\/uploads\/2024\/06\/innovitaskolan-kvalitet-202405-600x400.jpg 600w, https:\/\/innovitaskolan.se\/wp-content\/uploads\/2024\/06\/innovitaskolan-kvalitet-202405-800x533.jpg 800w, https:\/\/innovitaskolan.se\/wp-content\/uploads\/2024\/06\/innovitaskolan-kvalitet-202405-1024x683.jpg 1024w, https:\/\/innovitaskolan.se\/wp-content\/uploads\/2024\/06\/innovitaskolan-kvalitet-202405-1200x800.jpg 1200w, https:\/\/innovitaskolan.se\/wp-content\/uploads\/2024\/06\/innovitaskolan-kvalitet-202405.jpg 1920w\" \/>\n\t\t\t\t\t<\/div>\n\t\t\t\t\t\t\t<\/article>\n\t\t<\/li>\n\t<\/ul>\n\t\n\t\t\t<\/div>\n\n\t\t\n\n<\/section>\n\n\n<div   id=\"page-relative-menu\" class=\"site__font-monospace   container_width--full_width_conIcon   d-lg-none  \">\n\n\t\t\t\n<\/div>\n","protected":false},"excerpt":{"rendered":"","protected":false},"author":1,"featured_media":0,"parent":20,"menu_order":0,"comment_status":"closed","ping_status":"closed","template":"","meta":{"footnotes":""},"yoast_head":"<!-- This site is optimized with the Yoast SEO plugin v22.0 - https:\/\/yoast.com\/wordpress\/plugins\/seo\/ -->\n<title>Innovitaskolan Falun | V\u00e5r profil<\/title>\n<meta name=\"description\" content=\"P\u00e5 Innovitaskolan Falun har vi en kulturprofil, genom olika uttrycksformer. Du kan l\u00e4sa mer om v\u00e5r profil och v\u00e5r skola h\u00e4r!\" \/>\n<meta name=\"robots\" content=\"index, follow, max-snippet:-1, max-image-preview:large, max-video-preview:-1\" \/>\n<link rel=\"canonical\" href=\"https:\/\/innovitaskolan.se\/falun\/om\/profil\/\" \/>\n<meta property=\"og:locale\" content=\"sv_SE\" \/>\n<meta property=\"og:type\" content=\"article\" \/>\n<meta property=\"og:title\" content=\"Innovitaskolan Falun | V\u00e5r profil\" \/>\n<meta property=\"og:description\" content=\"P\u00e5 Innovitaskolan Falun har vi en kulturprofil, genom olika uttrycksformer. Du kan l\u00e4sa mer om v\u00e5r profil och v\u00e5r skola h\u00e4r!\" \/>\n<meta property=\"og:url\" content=\"https:\/\/innovitaskolan.se\/falun\/om\/profil\/\" \/>\n<meta property=\"og:site_name\" content=\"Falun\" \/>\n<meta property=\"article:modified_time\" content=\"2025-09-30T08:42:22+00:00\" \/>\n<meta name=\"twitter:card\" content=\"summary_large_image\" \/>\n<meta name=\"twitter:title\" content=\"Innovitaskolan Falun | V\u00e5r profil\" \/>\n<meta name=\"twitter:description\" content=\"P\u00e5 Innovitaskolan Falun har vi en kulturprofil, genom olika uttrycksformer. Du kan l\u00e4sa mer om v\u00e5r profil och v\u00e5r skola h\u00e4r!\" \/>\n<meta name=\"twitter:label1\" content=\"Ber\u00e4knad l\u00e4stid\" \/>\n\t<meta name=\"twitter:data1\" content=\"1 minut\" \/>\n<script type=\"application\/ld+json\" class=\"yoast-schema-graph\">{\"@context\":\"https:\/\/schema.org\",\"@graph\":[{\"@type\":\"WebPage\",\"@id\":\"https:\/\/innovitaskolan.se\/falun\/om\/profil\/\",\"url\":\"https:\/\/innovitaskolan.se\/falun\/om\/profil\/\",\"name\":\"Innovitaskolan Falun | V\u00e5r profil\",\"isPartOf\":{\"@id\":\"https:\/\/innovitaskolan.se\/falun\/#website\"},\"datePublished\":\"2021-03-04T10:30:12+00:00\",\"dateModified\":\"2025-09-30T08:42:22+00:00\",\"description\":\"P\u00e5 Innovitaskolan Falun har vi en kulturprofil, genom olika uttrycksformer. Du kan l\u00e4sa mer om v\u00e5r profil och v\u00e5r skola h\u00e4r!\",\"breadcrumb\":{\"@id\":\"https:\/\/innovitaskolan.se\/falun\/om\/profil\/#breadcrumb\"},\"inLanguage\":\"sv-SE\",\"potentialAction\":[{\"@type\":\"ReadAction\",\"target\":[\"https:\/\/innovitaskolan.se\/falun\/om\/profil\/\"]}]},{\"@type\":\"BreadcrumbList\",\"@id\":\"https:\/\/innovitaskolan.se\/falun\/om\/profil\/#breadcrumb\",\"itemListElement\":[{\"@type\":\"ListItem\",\"position\":1,\"name\":\"Start\",\"item\":\"https:\/\/innovitaskolan.se\/falun\/\"},{\"@type\":\"ListItem\",\"position\":2,\"name\":\"Om skolan\",\"item\":\"https:\/\/innovitaskolan.se\/falun\/om\/\"},{\"@type\":\"ListItem\",\"position\":3,\"name\":\"Profil\"}]},{\"@type\":\"WebSite\",\"@id\":\"https:\/\/innovitaskolan.se\/falun\/#website\",\"url\":\"https:\/\/innovitaskolan.se\/falun\/\",\"name\":\"Falun\",\"description\":\"En del av AcadeMedia\",\"potentialAction\":[{\"@type\":\"SearchAction\",\"target\":{\"@type\":\"EntryPoint\",\"urlTemplate\":\"https:\/\/innovitaskolan.se\/falun\/?s={search_term_string}\"},\"query-input\":\"required name=search_term_string\"}],\"inLanguage\":\"sv-SE\"}]}<\/script>\n<!-- \/ Yoast SEO plugin. -->","yoast_head_json":{"title":"Innovitaskolan Falun | V\u00e5r profil","description":"P\u00e5 Innovitaskolan Falun har vi en kulturprofil, genom olika uttrycksformer. Du kan l\u00e4sa mer om v\u00e5r profil och v\u00e5r skola h\u00e4r!","robots":{"index":"index","follow":"follow","max-snippet":"max-snippet:-1","max-image-preview":"max-image-preview:large","max-video-preview":"max-video-preview:-1"},"canonical":"https:\/\/innovitaskolan.se\/falun\/om\/profil\/","og_locale":"sv_SE","og_type":"article","og_title":"Innovitaskolan Falun | V\u00e5r profil","og_description":"P\u00e5 Innovitaskolan Falun har vi en kulturprofil, genom olika uttrycksformer. Du kan l\u00e4sa mer om v\u00e5r profil och v\u00e5r skola h\u00e4r!","og_url":"https:\/\/innovitaskolan.se\/falun\/om\/profil\/","og_site_name":"Falun","article_modified_time":"2025-09-30T08:42:22+00:00","twitter_card":"summary_large_image","twitter_title":"Innovitaskolan Falun | V\u00e5r profil","twitter_description":"P\u00e5 Innovitaskolan Falun har vi en kulturprofil, genom olika uttrycksformer. Du kan l\u00e4sa mer om v\u00e5r profil och v\u00e5r skola h\u00e4r!","twitter_misc":{"Ber\u00e4knad l\u00e4stid":"1 minut"},"schema":{"@context":"https:\/\/schema.org","@graph":[{"@type":"WebPage","@id":"https:\/\/innovitaskolan.se\/falun\/om\/profil\/","url":"https:\/\/innovitaskolan.se\/falun\/om\/profil\/","name":"Innovitaskolan Falun | V\u00e5r profil","isPartOf":{"@id":"https:\/\/innovitaskolan.se\/falun\/#website"},"datePublished":"2021-03-04T10:30:12+00:00","dateModified":"2025-09-30T08:42:22+00:00","description":"P\u00e5 Innovitaskolan Falun har vi en kulturprofil, genom olika uttrycksformer. Du kan l\u00e4sa mer om v\u00e5r profil och v\u00e5r skola h\u00e4r!","breadcrumb":{"@id":"https:\/\/innovitaskolan.se\/falun\/om\/profil\/#breadcrumb"},"inLanguage":"sv-SE","potentialAction":[{"@type":"ReadAction","target":["https:\/\/innovitaskolan.se\/falun\/om\/profil\/"]}]},{"@type":"BreadcrumbList","@id":"https:\/\/innovitaskolan.se\/falun\/om\/profil\/#breadcrumb","itemListElement":[{"@type":"ListItem","position":1,"name":"Start","item":"https:\/\/innovitaskolan.se\/falun\/"},{"@type":"ListItem","position":2,"name":"Om skolan","item":"https:\/\/innovitaskolan.se\/falun\/om\/"},{"@type":"ListItem","position":3,"name":"Profil"}]},{"@type":"WebSite","@id":"https:\/\/innovitaskolan.se\/falun\/#website","url":"https:\/\/innovitaskolan.se\/falun\/","name":"Falun","description":"En del av AcadeMedia","potentialAction":[{"@type":"SearchAction","target":{"@type":"EntryPoint","urlTemplate":"https:\/\/innovitaskolan.se\/falun\/?s={search_term_string}"},"query-input":"required name=search_term_string"}],"inLanguage":"sv-SE"}]}},"_links":{"self":[{"href":"https:\/\/innovitaskolan.se\/falun\/wp-json\/wp\/v2\/pages\/28"}],"collection":[{"href":"https:\/\/innovitaskolan.se\/falun\/wp-json\/wp\/v2\/pages"}],"about":[{"href":"https:\/\/innovitaskolan.se\/falun\/wp-json\/wp\/v2\/types\/page"}],"author":[{"embeddable":true,"href":"https:\/\/innovitaskolan.se\/falun\/wp-json\/wp\/v2\/users\/1"}],"replies":[{"embeddable":true,"href":"https:\/\/innovitaskolan.se\/falun\/wp-json\/wp\/v2\/comments?post=28"}],"version-history":[{"count":9,"href":"https:\/\/innovitaskolan.se\/falun\/wp-json\/wp\/v2\/pages\/28\/revisions"}],"predecessor-version":[{"id":2304,"href":"https:\/\/innovitaskolan.se\/falun\/wp-json\/wp\/v2\/pages\/28\/revisions\/2304"}],"up":[{"embeddable":true,"href":"https:\/\/innovitaskolan.se\/falun\/wp-json\/wp\/v2\/pages\/20"}],"wp:attachment":[{"href":"https:\/\/innovitaskolan.se\/falun\/wp-json\/wp\/v2\/media?parent=28"}],"curies":[{"name":"wp","href":"https:\/\/api.w.org\/{rel}","templated":true}]}}