{"id":24,"date":"2021-03-04T11:29:47","date_gmt":"2021-03-04T10:29:47","guid":{"rendered":"https:\/\/innovitaskolan.se\/banerporten\/?page_id=24"},"modified":"2026-01-14T10:28:41","modified_gmt":"2026-01-14T09:28:41","slug":"grundskola","status":"publish","type":"page","link":"https:\/\/innovitaskolan.se\/banerporten\/om\/grundskola\/","title":{"rendered":"Grundskola"},"content":{"rendered":"\n\t\n\t\n\t\n\n\t\n\t\n\t\t\n<section  class=\"c-block l-stacked  \" data-color-scheme=\"\">\n\t<div class=\"ams-fifty ams-fifty--container ams-fifty--right ams-fifty--bottom l-container u-pt-fluid-2xl-4xl u-pb-fluid-Ingen\">\n\t\t<div class=\"ams-fifty__content l-stack l-stack-xl is-left is-left@lg\">\n\t\t\t<div class=\"ams-fifty__text l-stack l-stack-lg\">\n\t\t\t\t\t\n\t<h1\n\tclass=\"c-heading u-font-title-1 \"\n\tstyle=\"\">\n\t\t\n\t\t\t\t\t\t\t\t\tGrundskola p\u00e5 Innovita\u00adskolan Ban\u00e9rporten\n\t\t\t\t<span class=\"c-heading__sub is-below u-font-title-3\">\n\t\t\t\t\tEn grundskola d\u00e4r eleverna utvecklas genom kreativitet och l\u00e4rande f\u00f6r varje framtid.\n\t\t\t\t<\/span>\n\t\t\t\t\t\t\t\n\t<\/h1>\n\n\t\t\t\t\t\t\t\t\t<div class=\"text l-stack u-font-body\">\n\t\t\t\t\t\t<p><!-- wp:heading --><\/p>\n<h2 class=\"wp-block-heading\">F\u00f6rskoleklass till \u00e5rskurs 6<\/h2>\n<p>P\u00e5 v\u00e5r grundskola g\u00e5r elever i f\u00f6rskoleklass till \u00e5rskurs 6. I v\u00e5ra l\u00e4gre \u00e5rskurser undervisas barnen i halvklass st\u00f6rre delen av dagen. P\u00e5 det s\u00e4ttet f\u00e5r eleverna st\u00f6rre uppm\u00e4rksamhet och mer egen tid tillsammans med l\u00e4raren, vilket ger goda f\u00f6ruts\u00e4ttningar f\u00f6r l\u00e4s- och skrivinl\u00e4rningen.<\/p>\n<p>I \u00e5rskurs 4\u20136 f\u00e5r eleverna f\u00f6ruts\u00e4ttningar f\u00f6r att utveckla ett st\u00f6rre ansvar f\u00f6r sina egna studier. Vi har ett n\u00e4ra samarbete mellan klasserna, bland annat i form av gemensamma temaveckor och utflyktsdagar. Fr\u00e5n \u00e5rskurs 3 till \u00e5rskurs 4 omf\u00f6rdelar vi eleverna i tv\u00e5 nya klasser. Detta g\u00f6r vi f\u00f6r att fr\u00e4mja studiero, ge eleverna f\u00f6ruts\u00e4ttningar att skapa nya kontakter och ge dem m\u00f6jlighet att hitta nya roller i gruppen. En f\u00f6ruts\u00e4ttning f\u00f6r l\u00e4rande \u00e4r att alla ska vara trygga och k\u00e4nna delaktighet.<\/p>\n<h2 class=\"wp-block-heading\">L\u00e4rande f\u00f6r varje framtid<\/h2>\n<p>V\u00e5rt m\u00e5l \u00e4r att eleverna ska komma v\u00e4l f\u00f6rberedda till h\u00f6gstadiet, med goda \u00e4mneskunskaper, god studieteknik och en h\u00f6g social kompetens. V\u00e5r utg\u00e5ngspunkt \u00e4r att stimulera lusten och gl\u00e4djen i l\u00e4randet genom v\u00e5rt pedagogiska koncept. Vi \u00e4r \u00f6vertygade om att l\u00e4randet till stor del sker i samspel och kommunikation med andra.<\/p>\n<p><!-- \/wp:paragraph --><\/p>\n\n\t\t\t\t\t<\/div>\n\t\t\t\t\t\t\t<\/div>\n\n\t\t\t\t\t<\/div>\n\n\t\t <div class=\"ams-fifty__media u-ratio-square\">\n\t\t \t\t\t\t\t<img decoding=\"async\" width=\"600\" height=\"600\" src=\"https:\/\/innovitaskolan.se\/wp-content\/uploads\/sites\/3\/2025\/07\/innovitaskolansegeltorp202204forskoleklass-lagstadie12webbform-600x600.png\" class=\"attachment-md size-md\" alt=\"Tv\u00e5 l\u00e5gstadieelever p\u00e5 Innovitaskolan l\u00e4ser serietidningar.\" sizes=\"(min-width: 64em) 600px, calc(100vw - 160px)\" srcset=\"https:\/\/innovitaskolan.se\/wp-content\/uploads\/sites\/3\/2025\/07\/innovitaskolansegeltorp202204forskoleklass-lagstadie12webbform-600x600.png 600w, https:\/\/innovitaskolan.se\/wp-content\/uploads\/sites\/3\/2025\/07\/innovitaskolansegeltorp202204forskoleklass-lagstadie12webbform-150x150.png 150w, https:\/\/innovitaskolan.se\/wp-content\/uploads\/sites\/3\/2025\/07\/innovitaskolansegeltorp202204forskoleklass-lagstadie12webbform-300x300.png 300w, https:\/\/innovitaskolan.se\/wp-content\/uploads\/sites\/3\/2025\/07\/innovitaskolansegeltorp202204forskoleklass-lagstadie12webbform-400x400.png 400w, https:\/\/innovitaskolan.se\/wp-content\/uploads\/sites\/3\/2025\/07\/innovitaskolansegeltorp202204forskoleklass-lagstadie12webbform.png 667w\" \/>\n\t\t\t\n\t\t\t\n\t\t\t\t\t<\/div>\n\t<\/div>\n\n\t\t\n\n<\/section>\n\n\n\n<div style=\"height:73px\" aria-hidden=\"true\" id=\"vanlig-dag\" class=\"wp-block-spacer\"><\/div>\n\n\n\n\t\n\t\n\t\n\n\t\n\t\n\t\t\n<section  class=\"c-block l-stacked  \" data-color-scheme=\"nyans3_av_p2\">\n\t<div class=\"ams-fifty ams-fifty--container ams-fifty--left ams-fifty--bottom l-container u-pt-fluid-2xl-4xl u-pb-fluid-md-xl\">\n\t\t<div class=\"ams-fifty__content l-stack l-stack-xl is-left is-left@lg\">\n\t\t\t<div class=\"ams-fifty__text l-stack l-stack-lg\">\n\t\t\t\t\t\n\t<h2\n\tclass=\"c-heading u-font-title-1 \"\n\tstyle=\"\">\n\t\t\n\t\t\t\t\tEn vanlig dag p\u00e5 v\u00e5rt l\u00e5gstadie\n\t\t\t\t\n\t<\/h2>\n\n\t\t\t\t\t\t\t\t\t<div class=\"text l-stack u-font-body\">\n\t\t\t\t\t\t<h3>En lugn start p\u00e5 dagen<\/h3>\n<p>I f\u00f6rskoleklass till \u00e5rskurs 3 inleder vi dagen med tyst l\u00e4sning eller en startuppgift, f\u00f6ljt av en gemensam samling d\u00e4r dagens uppl\u00e4gg presenteras.<\/p>\n<p>Under f\u00f6rmiddagen arbetar eleverna ofta i halvklass. D\u00e5 f\u00e5r mentorn m\u00f6jlighet att fokusera p\u00e5 mindre grupper i bas\u00e4mnen, medan fritidspedagogen har praktiska och kreativa aktiviteter kopplade till teman eller v\u00e5rt EQ-\u00e4mne V\u00e5ga Vara med den andra halvan.<\/p>\n<h3>Rastledda av rastv\u00e4rdar<\/h3>\n<p>Efter rast med roliga aktiviteter ledda av rastv\u00e4rdar, \u00e4ter eleverna lunch i sina klassrum. M\u00e5ltiden blir en lugn stund d\u00e4r eleverna kan lyssna p\u00e5 en saga eller se n\u00e5got fr\u00e5n UR. Dagens sista lektion sker ofta ocks\u00e5 i halvklass f\u00f6r mer individanpassad undervisning.<\/p>\n\n\t\t\t\t\t<\/div>\n\t\t\t\t\t\t\t<\/div>\n\n\t\t\t\t\t<\/div>\n\n\t\t <div class=\"ams-fifty__media u-ratio-square\">\n\t\t \t\t\t\t\t<img decoding=\"async\" width=\"600\" height=\"600\" src=\"https:\/\/innovitaskolan.se\/wp-content\/uploads\/sites\/3\/2025\/07\/innovitaskolanrudanskolan202204forskoleklass-lagstadie2webbform-600x600.png\" class=\"attachment-md size-md\" alt=\"Elever i f\u00f6rskoleklass bygger prototyper.\" sizes=\"(min-width: 64em) 600px, calc(100vw - 160px)\" srcset=\"https:\/\/innovitaskolan.se\/wp-content\/uploads\/sites\/3\/2025\/07\/innovitaskolanrudanskolan202204forskoleklass-lagstadie2webbform-600x600.png 600w, https:\/\/innovitaskolan.se\/wp-content\/uploads\/sites\/3\/2025\/07\/innovitaskolanrudanskolan202204forskoleklass-lagstadie2webbform-150x150.png 150w, https:\/\/innovitaskolan.se\/wp-content\/uploads\/sites\/3\/2025\/07\/innovitaskolanrudanskolan202204forskoleklass-lagstadie2webbform-300x300.png 300w, https:\/\/innovitaskolan.se\/wp-content\/uploads\/sites\/3\/2025\/07\/innovitaskolanrudanskolan202204forskoleklass-lagstadie2webbform-400x400.png 400w, https:\/\/innovitaskolan.se\/wp-content\/uploads\/sites\/3\/2025\/07\/innovitaskolanrudanskolan202204forskoleklass-lagstadie2webbform.png 667w\" \/>\n\t\t\t\n\t\t\t\n\t\t\t\t\t<\/div>\n\t<\/div>\n\n\t\t\n\n<\/section>\n\n\n\n\t\n\t\n\t\n\n\t\n\t\n\t\t\n<section  class=\"c-block l-stacked  \" data-color-scheme=\"nyans3_av_p2\">\n\t<div class=\"ams-fifty ams-fifty--container ams-fifty--right ams-fifty--bottom l-container u-pt-fluid-md-xl u-pb-fluid-md-xl\">\n\t\t<div class=\"ams-fifty__content l-stack l-stack-xl is-left is-left@lg\">\n\t\t\t<div class=\"ams-fifty__text l-stack l-stack-lg\">\n\t\t\t\t\t\n\t<h2\n\tclass=\"c-heading u-font-title-1 \"\n\tstyle=\"\">\n\t\t\n\t\t\t\t\tEn vanlig dag p\u00e5 v\u00e5rt mellanstadie\n\t\t\t\t\n\t<\/h2>\n\n\t\t\t\t\t\t\t\t\t<div class=\"text l-stack u-font-body\">\n\t\t\t\t\t\t<h3>Mobilfritt i \u00e5k 4\u20136<\/h3>\n<p>I \u00e5rskurs 4 till 6 startar dagen med att eleverna l\u00e5ser in sina mobiltelefoner. \u00c4ven h\u00e4r finns EQ-\u00e4mnet V\u00e5ga Vara p\u00e5 schemat och de arbetar \u00e4ven till viss del i halvklasser, fr\u00e4mst kopplat till de praktiska \u00e4mnena.<\/p>\n<h3>Studio och extra st\u00f6d n\u00e4r det beh\u00f6vs<\/h3>\n<p>Eleverna \u00e4ter lunch i sina klassrum, vilket skapar en lugn och trygg m\u00e5ltidsmilj\u00f6. P\u00e5 skolan finns dessutom en studio dit elever kan g\u00e5 f\u00f6r att arbeta enskilt eller i mindre grupp, om de beh\u00f6ver extra arbetsro eller vill komma ikapp i n\u00e5got \u00e4mne. Tv\u00e5 eftermiddagar i veckan erbjuds ocks\u00e5 l\u00e4xhj\u00e4lp f\u00f6r den som vill ha st\u00f6d med sina studier.<\/p>\n\n\t\t\t\t\t<\/div>\n\t\t\t\t\t\t\t<\/div>\n\n\t\t\t\t\t<\/div>\n\n\t\t <div class=\"ams-fifty__media u-ratio-square\">\n\t\t \t\t\t\t\t<img decoding=\"async\" width=\"600\" height=\"600\" src=\"https:\/\/innovitaskolan.se\/wp-content\/uploads\/sites\/3\/2025\/07\/innovitaskolansegeltorp202305mellanstadie6webbform-1-600x600.png\" class=\"attachment-md size-md\" alt=\"En l\u00e4rare p\u00e5 Innovitaskolan h\u00e5ller i en folder. Bakom sitter fem mellanstadieelever med iPads.\" sizes=\"(min-width: 64em) 600px, calc(100vw - 160px)\" srcset=\"https:\/\/innovitaskolan.se\/wp-content\/uploads\/sites\/3\/2025\/07\/innovitaskolansegeltorp202305mellanstadie6webbform-1-600x600.png 600w, https:\/\/innovitaskolan.se\/wp-content\/uploads\/sites\/3\/2025\/07\/innovitaskolansegeltorp202305mellanstadie6webbform-1-150x150.png 150w, https:\/\/innovitaskolan.se\/wp-content\/uploads\/sites\/3\/2025\/07\/innovitaskolansegeltorp202305mellanstadie6webbform-1-300x300.png 300w, https:\/\/innovitaskolan.se\/wp-content\/uploads\/sites\/3\/2025\/07\/innovitaskolansegeltorp202305mellanstadie6webbform-1-400x400.png 400w, https:\/\/innovitaskolan.se\/wp-content\/uploads\/sites\/3\/2025\/07\/innovitaskolansegeltorp202305mellanstadie6webbform-1.png 667w\" \/>\n\t\t\t\n\t\t\t\n\t\t\t\t\t<\/div>\n\t<\/div>\n\n\t\t\n\n<\/section>\n\n\n\n\n<section  class=\"ams-cta ams-cta--stacked c-block l-stacked\" data-color-scheme=\"beige\">\n\t<div class=\"l-container-narrow l-stack l-stack-fluid-2xl u-pt-fluid-2xl-4xl u-pb-fluid-2xl-4xl is-center is-center@md\">\n\t\t\t\t\t<div class=\"ams-cta__intro l-stack l-stack-lg\">\n\t\t\t\t\t\n\t<h2\n\tclass=\"c-heading u-font-title-1 \"\n\tstyle=\"\">\n\t\t\n\t\t\t\t\tS\u00f6ka skola\n\t\t\t\t\n\t<\/h2>\n\n\t\t\t\t\t\t\t\t\t<div class=\"c-text l-stack u-cs-xl u-font-body\">\n\t\t\t\t\t\t<p>Vad roligt att du vill st\u00e4lla ditt barn i k\u00f6 till v\u00e5r grundskola.<br \/>\nKlicka p\u00e5 knappen nedan f\u00f6r att komma till k\u00f6anm\u00e4lan.<\/p>\n\n\t\t\t\t\t<\/div>\n\t\t\t\t\t\t\t<\/div>\n\t\t\n\t\t\n\t\t\t<div class=\"ams-cta__action u-inline-items\">\n\t\t\t\t\t\t\t\n\n\n<a href=\"https:\/\/innovitaskolan.se\/banerporten\/koanmalan\/\"\n\t\n\tclass=\"c-btn \"\n\tdata-style=\"round\"\n\tdata-size=\"md\"\n\tdata-width=\"full-mobile\"\n\tdata-variant=\"default\"\n\ttarget=\"_self\">\n\t\t\t<span class=\"label\"> Till k\u00f6anm\u00e4lan<\/span>\n\t\t\t<\/a>\n\t\t\t<\/div>\n\t<\/div>\n\n\t\t\n\n<\/section>\n","protected":false},"excerpt":{"rendered":"","protected":false},"author":2,"featured_media":0,"parent":20,"menu_order":0,"comment_status":"closed","ping_status":"closed","template":"","meta":{"footnotes":""},"yoast_head":"<!-- This site is optimized with the Yoast SEO plugin v22.0 - https:\/\/yoast.com\/wordpress\/plugins\/seo\/ -->\n<title>V\u00e5r grundskola | Innovitaskolan Ban\u00e9rporten | Om skolan<\/title>\n<meta name=\"description\" content=\"P\u00e5 v\u00e5r grundskola g\u00e5r elever fr\u00e5n f\u00f6rskoleklass till \u00e5rskurs 6. Vi vill att elever ska bli trygga individer, genom ett lustfyllt l\u00e4rande.\" \/>\n<meta name=\"robots\" content=\"index, follow, max-snippet:-1, max-image-preview:large, max-video-preview:-1\" \/>\n<link rel=\"canonical\" href=\"https:\/\/innovitaskolan.se\/banerporten\/om\/grundskola\/\" \/>\n<meta property=\"og:locale\" content=\"sv_SE\" \/>\n<meta property=\"og:type\" content=\"article\" \/>\n<meta property=\"og:title\" content=\"V\u00e5r grundskola | Innovitaskolan Ban\u00e9rporten | Om skolan\" \/>\n<meta property=\"og:description\" content=\"P\u00e5 v\u00e5r grundskola g\u00e5r elever fr\u00e5n f\u00f6rskoleklass till \u00e5rskurs 6. Vi vill att elever ska bli trygga individer, genom ett lustfyllt l\u00e4rande.\" \/>\n<meta property=\"og:url\" content=\"https:\/\/innovitaskolan.se\/banerporten\/om\/grundskola\/\" \/>\n<meta property=\"og:site_name\" content=\"Ban\u00e9rporten\" \/>\n<meta property=\"article:modified_time\" content=\"2026-01-14T09:28:41+00:00\" \/>\n<meta name=\"twitter:card\" content=\"summary_large_image\" \/>\n<meta name=\"twitter:title\" content=\"V\u00e5r grundskola | Innovitaskolan Ban\u00e9rporten | Om skolan\" \/>\n<meta name=\"twitter:description\" content=\"P\u00e5 v\u00e5r grundskola g\u00e5r elever fr\u00e5n f\u00f6rskoleklass till \u00e5rskurs 6. Vi vill att elever ska bli trygga individer, genom ett lustfyllt l\u00e4rande.\" \/>\n<meta name=\"twitter:label1\" content=\"Ber\u00e4knad l\u00e4stid\" \/>\n\t<meta name=\"twitter:data1\" content=\"3 minuter\" \/>\n<script type=\"application\/ld+json\" class=\"yoast-schema-graph\">{\"@context\":\"https:\/\/schema.org\",\"@graph\":[{\"@type\":\"WebPage\",\"@id\":\"https:\/\/innovitaskolan.se\/banerporten\/om\/grundskola\/\",\"url\":\"https:\/\/innovitaskolan.se\/banerporten\/om\/grundskola\/\",\"name\":\"V\u00e5r grundskola | Innovitaskolan Ban\u00e9rporten | Om skolan\",\"isPartOf\":{\"@id\":\"https:\/\/innovitaskolan.se\/banerporten\/#website\"},\"datePublished\":\"2021-03-04T10:29:47+00:00\",\"dateModified\":\"2026-01-14T09:28:41+00:00\",\"description\":\"P\u00e5 v\u00e5r grundskola g\u00e5r elever fr\u00e5n f\u00f6rskoleklass till \u00e5rskurs 6. Vi vill att elever ska bli trygga individer, genom ett lustfyllt l\u00e4rande.\",\"breadcrumb\":{\"@id\":\"https:\/\/innovitaskolan.se\/banerporten\/om\/grundskola\/#breadcrumb\"},\"inLanguage\":\"sv-SE\",\"potentialAction\":[{\"@type\":\"ReadAction\",\"target\":[\"https:\/\/innovitaskolan.se\/banerporten\/om\/grundskola\/\"]}]},{\"@type\":\"BreadcrumbList\",\"@id\":\"https:\/\/innovitaskolan.se\/banerporten\/om\/grundskola\/#breadcrumb\",\"itemListElement\":[{\"@type\":\"ListItem\",\"position\":1,\"name\":\"Start\",\"item\":\"https:\/\/innovitaskolan.se\/banerporten\/\"},{\"@type\":\"ListItem\",\"position\":2,\"name\":\"Om oss\",\"item\":\"https:\/\/innovitaskolan.se\/banerporten\/om\/\"},{\"@type\":\"ListItem\",\"position\":3,\"name\":\"Grundskola\"}]},{\"@type\":\"WebSite\",\"@id\":\"https:\/\/innovitaskolan.se\/banerporten\/#website\",\"url\":\"https:\/\/innovitaskolan.se\/banerporten\/\",\"name\":\"Ban\u00e9rporten\",\"description\":\"En del av AcadeMedia\",\"potentialAction\":[{\"@type\":\"SearchAction\",\"target\":{\"@type\":\"EntryPoint\",\"urlTemplate\":\"https:\/\/innovitaskolan.se\/banerporten\/?s={search_term_string}\"},\"query-input\":\"required name=search_term_string\"}],\"inLanguage\":\"sv-SE\"}]}<\/script>\n<!-- \/ Yoast SEO plugin. -->","yoast_head_json":{"title":"V\u00e5r grundskola | Innovitaskolan Ban\u00e9rporten | Om skolan","description":"P\u00e5 v\u00e5r grundskola g\u00e5r elever fr\u00e5n f\u00f6rskoleklass till \u00e5rskurs 6. Vi vill att elever ska bli trygga individer, genom ett lustfyllt l\u00e4rande.","robots":{"index":"index","follow":"follow","max-snippet":"max-snippet:-1","max-image-preview":"max-image-preview:large","max-video-preview":"max-video-preview:-1"},"canonical":"https:\/\/innovitaskolan.se\/banerporten\/om\/grundskola\/","og_locale":"sv_SE","og_type":"article","og_title":"V\u00e5r grundskola | Innovitaskolan Ban\u00e9rporten | Om skolan","og_description":"P\u00e5 v\u00e5r grundskola g\u00e5r elever fr\u00e5n f\u00f6rskoleklass till \u00e5rskurs 6. Vi vill att elever ska bli trygga individer, genom ett lustfyllt l\u00e4rande.","og_url":"https:\/\/innovitaskolan.se\/banerporten\/om\/grundskola\/","og_site_name":"Ban\u00e9rporten","article_modified_time":"2026-01-14T09:28:41+00:00","twitter_card":"summary_large_image","twitter_title":"V\u00e5r grundskola | Innovitaskolan Ban\u00e9rporten | Om skolan","twitter_description":"P\u00e5 v\u00e5r grundskola g\u00e5r elever fr\u00e5n f\u00f6rskoleklass till \u00e5rskurs 6. Vi vill att elever ska bli trygga individer, genom ett lustfyllt l\u00e4rande.","twitter_misc":{"Ber\u00e4knad l\u00e4stid":"3 minuter"},"schema":{"@context":"https:\/\/schema.org","@graph":[{"@type":"WebPage","@id":"https:\/\/innovitaskolan.se\/banerporten\/om\/grundskola\/","url":"https:\/\/innovitaskolan.se\/banerporten\/om\/grundskola\/","name":"V\u00e5r grundskola | Innovitaskolan Ban\u00e9rporten | Om skolan","isPartOf":{"@id":"https:\/\/innovitaskolan.se\/banerporten\/#website"},"datePublished":"2021-03-04T10:29:47+00:00","dateModified":"2026-01-14T09:28:41+00:00","description":"P\u00e5 v\u00e5r grundskola g\u00e5r elever fr\u00e5n f\u00f6rskoleklass till \u00e5rskurs 6. Vi vill att elever ska bli trygga individer, genom ett lustfyllt l\u00e4rande.","breadcrumb":{"@id":"https:\/\/innovitaskolan.se\/banerporten\/om\/grundskola\/#breadcrumb"},"inLanguage":"sv-SE","potentialAction":[{"@type":"ReadAction","target":["https:\/\/innovitaskolan.se\/banerporten\/om\/grundskola\/"]}]},{"@type":"BreadcrumbList","@id":"https:\/\/innovitaskolan.se\/banerporten\/om\/grundskola\/#breadcrumb","itemListElement":[{"@type":"ListItem","position":1,"name":"Start","item":"https:\/\/innovitaskolan.se\/banerporten\/"},{"@type":"ListItem","position":2,"name":"Om oss","item":"https:\/\/innovitaskolan.se\/banerporten\/om\/"},{"@type":"ListItem","position":3,"name":"Grundskola"}]},{"@type":"WebSite","@id":"https:\/\/innovitaskolan.se\/banerporten\/#website","url":"https:\/\/innovitaskolan.se\/banerporten\/","name":"Ban\u00e9rporten","description":"En del av AcadeMedia","potentialAction":[{"@type":"SearchAction","target":{"@type":"EntryPoint","urlTemplate":"https:\/\/innovitaskolan.se\/banerporten\/?s={search_term_string}"},"query-input":"required name=search_term_string"}],"inLanguage":"sv-SE"}]}},"_links":{"self":[{"href":"https:\/\/innovitaskolan.se\/banerporten\/wp-json\/wp\/v2\/pages\/24"}],"collection":[{"href":"https:\/\/innovitaskolan.se\/banerporten\/wp-json\/wp\/v2\/pages"}],"about":[{"href":"https:\/\/innovitaskolan.se\/banerporten\/wp-json\/wp\/v2\/types\/page"}],"author":[{"embeddable":true,"href":"https:\/\/innovitaskolan.se\/banerporten\/wp-json\/wp\/v2\/users\/2"}],"replies":[{"embeddable":true,"href":"https:\/\/innovitaskolan.se\/banerporten\/wp-json\/wp\/v2\/comments?post=24"}],"version-history":[{"count":10,"href":"https:\/\/innovitaskolan.se\/banerporten\/wp-json\/wp\/v2\/pages\/24\/revisions"}],"predecessor-version":[{"id":3437,"href":"https:\/\/innovitaskolan.se\/banerporten\/wp-json\/wp\/v2\/pages\/24\/revisions\/3437"}],"up":[{"embeddable":true,"href":"https:\/\/innovitaskolan.se\/banerporten\/wp-json\/wp\/v2\/pages\/20"}],"wp:attachment":[{"href":"https:\/\/innovitaskolan.se\/banerporten\/wp-json\/wp\/v2\/media?parent=24"}],"curies":[{"name":"wp","href":"https:\/\/api.w.org\/{rel}","templated":true}]}}